{"id":29730,"date":"2026-04-11T00:11:53","date_gmt":"2026-04-11T00:11:53","guid":{"rendered":"https:\/\/inmobiliare.com\/summits\/?page_id=29730"},"modified":"2026-04-11T02:23:07","modified_gmt":"2026-04-11T02:23:07","slug":"speakers","status":"publish","type":"page","link":"https:\/\/inmobiliare.com\/summits\/speakers\/","title":{"rendered":"Speakers"},"content":{"rendered":"\t\t<div data-elementor-type=\"wp-page\" data-elementor-id=\"29730\" class=\"elementor elementor-29730\" data-elementor-post-type=\"page\">\n\t\t\t\t<div class=\"elementor-element elementor-element-74b1e4b5 e-con-full e-flex e-con e-parent\" data-id=\"74b1e4b5\" data-element_type=\"container\" data-e-type=\"container\" data-settings=\"{&quot;ekit_has_onepagescroll_dot&quot;:&quot;yes&quot;}\">\n\t\t\t\t<div class=\"elementor-element elementor-element-6d48140 wd-width-100 elementor-widget elementor-widget-wd_title\" data-id=\"6d48140\" data-element_type=\"widget\" data-e-type=\"widget\" data-settings=\"{&quot;ekit_we_effect_on&quot;:&quot;none&quot;}\" data-widget_type=\"wd_title.default\">\n\t\t\t\t<div class=\"elementor-widget-container\">\n\t\t\t\t\t\t\t<div class=\"title-wrapper wd-set-mb reset-last-child wd-title-color-default wd-title-style-default wd-title-size-large text-center\">\n\n\t\t\t\n\t\t\t<div class=\"liner-continer\">\n\t\t\t\t<h4 class=\"woodmart-title-container title wd-fontsize-xxl\">LOS L\u00cdDERES QUE EST\u00c1N DEFINIENDO LA INDUSTRIA<br \/>\n<\/h4> \n\t\t\t\t\t\t\t<\/div>\n\n\t\t\t\t\t<\/div>\n\t\t\t\t\t\t<\/div>\n\t\t\t\t<\/div>\n\t\t\t\t<div class=\"elementor-element elementor-element-63d7d448 elementor-widget elementor-widget-wd_text_block\" data-id=\"63d7d448\" data-element_type=\"widget\" data-e-type=\"widget\" data-settings=\"{&quot;ekit_we_effect_on&quot;:&quot;none&quot;}\" data-widget_type=\"wd_text_block.default\">\n\t\t\t\t<div class=\"elementor-widget-container\">\n\t\t\t\t\t\t\t<div class=\"wd-text-block reset-last-child text-center\">\n\t\t\t\n\t\t\tConecta con desarrolladores, inversionistas y referentes que est\u00e1n transformando el sector inmobiliario en M\u00e9xico y el mundo. Insights reales, visi\u00f3n estrat\u00e9gica y experiencias que marcan la diferencia.\n\t\t\t\t\t<\/div>\n\t\t\t\t\t\t<\/div>\n\t\t\t\t<\/div>\n\t\t\t\t<div class=\"elementor-element elementor-element-377ae2fc elementor-widget elementor-widget-wd_social_buttons\" data-id=\"377ae2fc\" data-element_type=\"widget\" data-e-type=\"widget\" data-settings=\"{&quot;ekit_we_effect_on&quot;:&quot;none&quot;}\" data-widget_type=\"wd_social_buttons.default\">\n\t\t\t\t<div class=\"elementor-widget-container\">\n\t\t\t\t\t\t\t\t<div\n\t\t\t\t\t\tclass=\" wd-social-icons wd-style-bordered wd-size-small social-share wd-shape-circle color-scheme-dark text-center\">\n\t\t\t\t\n\t\t\t\t\n\t\t\t\t\t\t\t\t\t<a rel=\"noopener noreferrer nofollow\" href=\"https:\/\/www.facebook.com\/sharer\/sharer.php?u=https:\/\/inmobiliare.com\/summits\/speakers\/\" target=\"_blank\" class=\" wd-social-icon social-facebook\" aria-label=\"Facebook social link\">\n\t\t\t\t\t\t<span class=\"wd-icon\"><\/span>\n\t\t\t\t\t\t\t\t\t\t\t<\/a>\n\t\t\t\t\n\t\t\t\t\t\t\t\t\t<a rel=\"noopener noreferrer nofollow\" href=\"https:\/\/x.com\/share?url=https:\/\/inmobiliare.com\/summits\/speakers\/\" target=\"_blank\" class=\" wd-social-icon social-twitter\" aria-label=\"X social link\">\n\t\t\t\t\t\t<span class=\"wd-icon\"><\/span>\n\t\t\t\t\t\t\t\t\t\t\t<\/a>\n\t\t\t\t\n\t\t\t\t\n\t\t\t\t\n\t\t\t\t\n\t\t\t\t\n\t\t\t\t\n\t\t\t\t\t\t\t\t\t<a rel=\"noopener noreferrer nofollow\" href=\"https:\/\/pinterest.com\/pin\/create\/button\/?url=https:\/\/inmobiliare.com\/summits\/speakers\/&#038;media=https:\/\/inmobiliare.com\/summits\/wp-includes\/images\/media\/default.svg&#038;description=Speakers\" target=\"_blank\" class=\" wd-social-icon social-pinterest\" aria-label=\"Pinterest social link\">\n\t\t\t\t\t\t<span class=\"wd-icon\"><\/span>\n\t\t\t\t\t\t\t\t\t\t\t<\/a>\n\t\t\t\t\n\t\t\t\t\n\t\t\t\t\t\t\t\t\t<a rel=\"noopener noreferrer nofollow\" href=\"https:\/\/www.linkedin.com\/shareArticle?mini=true&#038;url=https:\/\/inmobiliare.com\/summits\/speakers\/\" target=\"_blank\" class=\" wd-social-icon social-linkedin\" aria-label=\"Linkedin social link\">\n\t\t\t\t\t\t<span class=\"wd-icon\"><\/span>\n\t\t\t\t\t\t\t\t\t\t\t<\/a>\n\t\t\t\t\n\t\t\t\t\n\t\t\t\t\n\t\t\t\t\n\t\t\t\t\n\t\t\t\t\n\t\t\t\t\n\t\t\t\t\n\t\t\t\t\n\t\t\t\t\n\t\t\t\t\n\t\t\t\t\n\t\t\t\t\n\t\t\t\t\n\t\t\t\t\n\t\t\t\t\t\t\t\t\t<a rel=\"noopener noreferrer nofollow\" href=\"https:\/\/telegram.me\/share\/url?url=https:\/\/inmobiliare.com\/summits\/speakers\/\" target=\"_blank\" class=\" wd-social-icon social-tg\" aria-label=\"Telegram social link\">\n\t\t\t\t\t\t<span class=\"wd-icon\"><\/span>\n\t\t\t\t\t\t\t\t\t\t\t<\/a>\n\t\t\t\t\n\t\t\t\t\n\t\t\t<\/div>\n\n\t\t\t\t\t\t<\/div>\n\t\t\t\t<\/div>\n\t\t\t\t<\/div>\n\t\t<div class=\"wd-negative-gap elementor-element elementor-element-106aeed e-flex e-con-boxed e-con e-parent\" data-id=\"106aeed\" data-element_type=\"container\" data-e-type=\"container\" data-settings=\"{&quot;ekit_has_onepagescroll_dot&quot;:&quot;yes&quot;}\">\n\t\t\t\t\t<div class=\"e-con-inner\">\n\t\t\t\t<div class=\"elementor-element elementor-element-712d8cc elementor-widget elementor-widget-etn-pro-speaker\" data-id=\"712d8cc\" data-element_type=\"widget\" data-e-type=\"widget\" data-settings=\"{&quot;ekit_we_effect_on&quot;:&quot;none&quot;}\" data-widget_type=\"etn-pro-speaker.default\">\n\t\t\t\t<div class=\"elementor-widget-container\">\n\t\t\t\t\t    <div class='etn-row etn-speaker-wrapper speaker-style4'>\n                    <div class=\"etn-col-lg-3 etn-col-md-6\">\n                <div class=\"etn-single-speaker-item\">\n                    <div class=\"etn-speaker-thumb\">\n                        <a href=\"https:\/\/inmobiliare.com\/summits\/speaker\/juan-pablo-vazquez\" class=\"etn-img-link\" aria-label=\"Juan Pablo V\u00e1zquez\">\n                            <img decoding=\"async\" src=\"https:\/\/inmobiliare.com\/summits\/wp-content\/uploads\/2026\/04\/juan-pablo-vazquez.jpeg\" alt=\"\">\n                        <\/a>\n                        <!-- content -->\n                        <div class=\"etn-speaker-content\">\n                            <h3 class=\"etn-title etn-speaker-title\"><a href=\"https:\/\/inmobiliare.com\/summits\/speaker\/juan-pablo-vazquez\"> Juan Pablo V\u00e1zquez<\/a> <\/h3>\n                                                            <p>\n                                                                    <\/p>\n                                                    <\/div>\n                        <!-- social -->\n                                                    <div class=\"etn-speakers-social\">\n                                                            <\/div>\n                                            <\/div>\n\n                <\/div>\n                <!-- speaker end -->\n            <\/div>\n            <!-- col end -->\n                    <div class=\"etn-col-lg-3 etn-col-md-6\">\n                <div class=\"etn-single-speaker-item\">\n                    <div class=\"etn-speaker-thumb\">\n                        <a href=\"https:\/\/inmobiliare.com\/summits\/speaker\/juan-ignacio-rodriguez-barrera\" class=\"etn-img-link\" aria-label=\"Juan Ignacio Rodriguez Barrera\">\n                            <img decoding=\"async\" src=\"https:\/\/inmobiliare.com\/summits\/wp-content\/uploads\/2026\/04\/juan-ignacio-rodriguez.jpeg\" alt=\"\">\n                        <\/a>\n                        <!-- content -->\n                        <div class=\"etn-speaker-content\">\n                            <h3 class=\"etn-title etn-speaker-title\"><a href=\"https:\/\/inmobiliare.com\/summits\/speaker\/juan-ignacio-rodriguez-barrera\"> Juan Ignacio Rodriguez Barrera<\/a> <\/h3>\n                                                            <p>\n                                                                    <\/p>\n                                                    <\/div>\n                        <!-- social -->\n                                                    <div class=\"etn-speakers-social\">\n                                                                                                                                                        <a \n                                                href=\"https:\/\/www.linkedin.com\/in\/juanrodbarr\/\" \n                                                aria-label=\"\"\n                                            >\n                                                <i class=\"etn-icon etn-icon fa-linkedin\"><\/i>\n                                            <\/a>\n                                                                                                                                                <\/div>\n                                            <\/div>\n\n                <\/div>\n                <!-- speaker end -->\n            <\/div>\n            <!-- col end -->\n                    <div class=\"etn-col-lg-3 etn-col-md-6\">\n                <div class=\"etn-single-speaker-item\">\n                    <div class=\"etn-speaker-thumb\">\n                        <a href=\"https:\/\/inmobiliare.com\/summits\/speaker\/jorge-gerini\" class=\"etn-img-link\" aria-label=\"Jorge Gerini\">\n                            <img decoding=\"async\" src=\"https:\/\/inmobiliare.com\/summits\/wp-content\/uploads\/2026\/04\/jorge-gerini.jpeg\" alt=\"\">\n                        <\/a>\n                        <!-- content -->\n                        <div class=\"etn-speaker-content\">\n                            <h3 class=\"etn-title etn-speaker-title\"><a href=\"https:\/\/inmobiliare.com\/summits\/speaker\/jorge-gerini\"> Jorge Gerini<\/a> <\/h3>\n                                                            <p>\n                                                                    <\/p>\n                                                    <\/div>\n                        <!-- social -->\n                                                    <div class=\"etn-speakers-social\">\n                                                            <\/div>\n                                            <\/div>\n\n                <\/div>\n                <!-- speaker end -->\n            <\/div>\n            <!-- col end -->\n                    <div class=\"etn-col-lg-3 etn-col-md-6\">\n                <div class=\"etn-single-speaker-item\">\n                    <div class=\"etn-speaker-thumb\">\n                        <a href=\"https:\/\/inmobiliare.com\/summits\/speaker\/gene-towle\" class=\"etn-img-link\" aria-label=\"Gene Towle\">\n                            <img decoding=\"async\" src=\"https:\/\/inmobiliare.com\/summits\/wp-content\/uploads\/2026\/02\/eugene-towle-Photoroom-768x768-1.jpg\" alt=\"\">\n                        <\/a>\n                        <!-- content -->\n                        <div class=\"etn-speaker-content\">\n                            <h3 class=\"etn-title etn-speaker-title\"><a href=\"https:\/\/inmobiliare.com\/summits\/speaker\/gene-towle\"> Gene Towle<\/a> <\/h3>\n                                                            <p>\n                                                                    <\/p>\n                                                    <\/div>\n                        <!-- social -->\n                                                    <div class=\"etn-speakers-social\">\n                                                            <\/div>\n                                            <\/div>\n\n                <\/div>\n                <!-- speaker end -->\n            <\/div>\n            <!-- col end -->\n                    <div class=\"etn-col-lg-3 etn-col-md-6\">\n                <div class=\"etn-single-speaker-item\">\n                    <div class=\"etn-speaker-thumb\">\n                        <a href=\"https:\/\/inmobiliare.com\/summits\/speaker\/emiliano\" class=\"etn-img-link\" aria-label=\"Emiliano Garc\u00eda Garc\u00eda\">\n                            <img decoding=\"async\" src=\"https:\/\/inmobiliare.com\/summits\/wp-content\/uploads\/2026\/04\/emiliano-garcia-garcia-300-x-300-px.png\" alt=\"\">\n                        <\/a>\n                        <!-- content -->\n                        <div class=\"etn-speaker-content\">\n                            <h3 class=\"etn-title etn-speaker-title\"><a href=\"https:\/\/inmobiliare.com\/summits\/speaker\/emiliano\"> Emiliano Garc\u00eda Garc\u00eda<\/a> <\/h3>\n                                                            <p>\n                                    Founder                                <\/p>\n                                                    <\/div>\n                        <!-- social -->\n                                                    <div class=\"etn-speakers-social\">\n                                                                                                                                                        <a \n                                                href=\"https:\/\/www.linkedin.com\/in\/emilianog\/\" \n                                                aria-label=\"\"\n                                            >\n                                                <i class=\"etn-icon etn-icon fa-linkedin\"><\/i>\n                                            <\/a>\n                                                                                                                                                <\/div>\n                                            <\/div>\n\n                <\/div>\n                <!-- speaker end -->\n            <\/div>\n            <!-- col end -->\n                    <div class=\"etn-col-lg-3 etn-col-md-6\">\n                <div class=\"etn-single-speaker-item\">\n                    <div class=\"etn-speaker-thumb\">\n                        <a href=\"https:\/\/inmobiliare.com\/summits\/speaker\/adriana-guillen-tarrago\" class=\"etn-img-link\" aria-label=\"Adriana Guill\u00e9n Tarrag\u00f3\">\n                            <img decoding=\"async\" src=\"https:\/\/inmobiliare.com\/summits\/wp-content\/uploads\/2026\/04\/adriana-guillen-tarrago-3300-x-300-px.png\" alt=\"\">\n                        <\/a>\n                        <!-- content -->\n                        <div class=\"etn-speaker-content\">\n                            <h3 class=\"etn-title etn-speaker-title\"><a href=\"https:\/\/inmobiliare.com\/summits\/speaker\/adriana-guillen-tarrago\"> Adriana Guill\u00e9n Tarrag\u00f3<\/a> <\/h3>\n                                                            <p>\n                                    CEO                                <\/p>\n                                                    <\/div>\n                        <!-- social -->\n                                                    <div class=\"etn-speakers-social\">\n                                                                                                                                                        <a \n                                                href=\"https:\/\/www.linkedin.com\/in\/adrianaguillentarrago\/\" \n                                                aria-label=\"\"\n                                            >\n                                                <i class=\"etn-icon etn-icon fa-linkedin\"><\/i>\n                                            <\/a>\n                                                                                                                                                <\/div>\n                                            <\/div>\n\n                <\/div>\n                <!-- speaker end -->\n            <\/div>\n            <!-- col end -->\n            <\/div>\n\t\t\t\t<\/div>\n\t\t\t\t<\/div>\n\t\t\t\t\t<\/div>\n\t\t\t\t<\/div>\n\t\t\t\t<\/div>\n\t\t","protected":false},"excerpt":{"rendered":"<p>LOS L\u00cdDERES QUE EST\u00c1N DEFINIENDO LA INDUSTRIA Conecta con desarrolladores, inversionistas y referentes que est\u00e1n transformando el sector inmobiliario en<\/p>\n","protected":false},"author":1,"featured_media":0,"parent":0,"menu_order":0,"comment_status":"closed","ping_status":"closed","template":"elementor_theme","meta":{"rs_blank_template":"","rs_page_bg_color":"","slide_template_v7":"","footnotes":""},"class_list":["post-29730","page","type-page","status-publish","hentry"],"_links":{"self":[{"href":"https:\/\/inmobiliare.com\/summits\/wp-json\/wp\/v2\/pages\/29730","targetHints":{"allow":["GET"]}}],"collection":[{"href":"https:\/\/inmobiliare.com\/summits\/wp-json\/wp\/v2\/pages"}],"about":[{"href":"https:\/\/inmobiliare.com\/summits\/wp-json\/wp\/v2\/types\/page"}],"author":[{"embeddable":true,"href":"https:\/\/inmobiliare.com\/summits\/wp-json\/wp\/v2\/users\/1"}],"replies":[{"embeddable":true,"href":"https:\/\/inmobiliare.com\/summits\/wp-json\/wp\/v2\/comments?post=29730"}],"version-history":[{"count":43,"href":"https:\/\/inmobiliare.com\/summits\/wp-json\/wp\/v2\/pages\/29730\/revisions"}],"predecessor-version":[{"id":29844,"href":"https:\/\/inmobiliare.com\/summits\/wp-json\/wp\/v2\/pages\/29730\/revisions\/29844"}],"wp:attachment":[{"href":"https:\/\/inmobiliare.com\/summits\/wp-json\/wp\/v2\/media?parent=29730"}],"curies":[{"name":"wp","href":"https:\/\/api.w.org\/{rel}","templated":true}]}}